
Calculate the highest common factor of 75 and 35300.
25
What is the highest common factor of 777799 and 11?
11
Calculate the greatest common divisor of 11220 and 3180.
60
What is the greatest common divisor of 253803 and 99?
33
What is the highest common divisor of 882152 and 32?
8
What is the highest common divisor of 40 and 4080460?
20
What is the greatest common divisor of 969 and 204?
51
What is the highest common factor of 210 and 683130?
210
What is the greatest common divisor of 3240 and 2646?
54
Calculate the highest common divisor of 2575 and 212901.
103
What is the highest common divisor of 124 and 72416?
124
What is the highest common factor of 2380 and 6020?
140
Calculate the greatest common factor of 179674 and 22.
22
What is the greatest common factor of 33952 and 416?
32
Calculate the highest common factor of 20556 and 216.
36
What is the highest common factor of 99 and 759?
33
What is the highest common divisor of 91 and 56?
7
Calculate the greatest common divisor of 220 and 20570.
110
What is the greatest common divisor of 1170202 and 946?
946
Calculate the highest common factor of 8536 and 152.
8
Calculate the highest common divisor of 16705 and 20.
5
What is the highest common factor of 1717 and 204?
17
Calculate the greatest common factor of 17982 and 209124.
666
What is the greatest common divisor of 417 and 160545?
417
What is the highest common factor of 1392 and 2523?
87
Calculate the highest common divisor of 38 and 2255642.
38
What is the highest common divisor of 4 and 271?
1
Calculate the greatest common factor of 108 and 12987.
27
Calculate the highest common divisor of 88 and 21703.
11
What is the highest common divisor of 564452 and 2204?
76
Calculate the greatest common factor of 3312 and 2628.
36
Calculate the highest common factor of 1032 and 24854.
86
Calculate the highest common divisor of 12585 and 2595.
15
Calculate the greatest common factor of 81429 and 3.
3
What is the highest common divisor of 6498 and 15846?
114
What is the highest common factor of 7622 and 407?
37
Calculate the highest common factor of 116 and 1724.
4
Calculate the greatest common divisor of 4398 and 889862.
1466
Calculate the highest common factor of 13202 and 28.
14
What is the greatest common divisor of 272 and 3315?
17
What is the highest common factor of 2537 and 767?
59
What is the highest common divisor of 70 and 4570?
10
Calculate the highest common factor of 56 and 337372.
28
What is the highest common divisor of 2160 and 999?
27
Calculate the greatest common factor of 84 and 1233484.
28
Calculate the greatest common factor of 4098 and 22.
2
Calculate the highest common divisor of 3332 and 510.
34
Calculate the highest common factor of 81005 and 85.
85
Calculate the greatest common factor of 4193422 and 1282.
1282
What is the highest common divisor of 247986 and 46?
46
Calculate the greatest common factor of 180 and 27810.
90
What is the greatest common factor of 1078 and 263186?
154
Calculate the highest common divisor of 5430 and 4818220.
1810
What is the highest common factor of 75 and 260955?
15
What is the greatest common factor of 1168804 and 28?
28
Calculate the highest common divisor of 62 and 2768021.
31
Calculate the greatest common divisor of 9006 and 110238.
114
Calculate the greatest common divisor of 2283 and 108.
3
Calculate the highest common divisor of 3572 and 417172.
188
Calculate the highest common factor of 150 and 2494350.
150
Calculate the greatest common divisor of 8355337 and 93.
31
What is the greatest common factor of 17322 and 426?
6
Calculate the highest common factor of 423996 and 4.
4
Calculate the greatest common divisor of 113587 and 194.
97
What is the highest common factor of 11 and 2121757?
11
What is the highest common divisor of 15853 and 3403?
83
What is the greatest common factor of 64761 and 189?
3
What is the greatest common factor of 168958 and 3726?
46
What is the highest common factor of 200760 and 700?
140
What is the highest common divisor of 5704 and 506?
46
What is the greatest common factor of 1672 and 68134?
418
Calculate the highest common factor of 1084 and 109755.
271
Calculate the greatest common divisor of 1175328 and 2079.
693
Calculate the highest common divisor of 237 and 200976.
237
Calculate the highest common divisor of 35 and 8005.
5
What is the highest common divisor of 37 and 539941?
37
Calculate the greatest common divisor of 2335449 and 89.
89
What is the greatest common factor of 70 and 20545?
35
Calculate the highest common divisor of 173621 and 2142.
119
What is the greatest common factor of 160 and 67360?
160
Calculate the greatest common divisor of 63 and 304164.
63
Calculate the highest common factor of 312 and 37344.
24
What is the greatest common divisor of 312836 and 5713?
197
Calculate the highest common divisor of 1739 and 92315.
37
Calculate the highest common divisor of 8622 and 112565.
479
Calculate the highest common divisor of 40 and 423970.
10
What is the greatest common factor of 722 and 20824?
38
Calculate the greatest common divisor of 91991 and 67.
67
What is the greatest common divisor of 3335 and 14065?
145
What is the highest common divisor of 20774 and 874106?
1598
Calculate the highest common divisor of 473 and 17611.
11
Calculate the greatest common divisor of 152308 and 96512.
1508
Calculate the highest common divisor of 721 and 91979.
103
Calculate the greatest common factor of 612 and 639.
9
What is the highest common factor of 25947 and 405?
27
Calculate the highest common factor of 197 and 132975.
197
What is the greatest common divisor of 1376 and 2537?
43
What is the greatest common divisor of 4 and 21958?
2
Calculate the greatest common factor of 187 and 4450787.
187
Calculate the greatest common divisor of 2367 and 331643.
263
What is the greatest common factor of 14606 and 39894?
218
Calculate the greatest common divisor of 2070776 and 8.
8
Calculate the highest common divisor of 6350 and 11350.
50
What is the greatest common factor of 10335 and 31641?
159
What is the greatest common divisor of 3427802 and 14?
14
What is the highest common divisor of 19575 and 100?
25
Calculate the highest common factor of 3340 and 20207.
167
What is the greatest common factor of 22969 and 27875?
223
Calculate the highest common factor of 1397 and 18821.
11
Calculate the highest common factor of 12559 and 40321.
661
Calculate the greatest common factor of 1840 and 45057.
23
What is the highest common factor of 88 and 5075092?
44
What is the highest common divisor of 11809 and 343?
49
Calculate the greatest common factor of 869 and 3245715.
869
Calculate the greatest common factor of 34592 and 6900.
92
What is the greatest common divisor of 30 and 4650?
30
Calculate the highest common factor of 85 and 1655.
5
Calculate the highest common divisor of 342 and 93119.
19
What is the greatest common factor of 617047 and 337?
337
Calculate the greatest common divisor of 129 and 16727.
43
What is the greatest common factor of 248 and 1259716?
124
What is the highest common divisor of 28992 and 6912?
192
What is the greatest common divisor of 153 and 19512?
9
Calculate the greatest common divisor of 3915 and 1296.
27
Calculate the highest common factor of 186 and 419646.
6
What is the highest common factor of 112576 and 256?
64
Calculate the highest common divisor of 465204 and 12.
12
Calculate the greatest common divisor of 503909 and 7.
7
Calculate the highest common divisor of 5488 and 848.
16
Calculate the greatest common factor of 135232 and 128.
64
What is the highest common divisor of 16 and 64?
16
What is the greatest common factor of 43 and 2881?
43
What is the highest common divisor of 104 and 3279224?
104
Calculate the highest common factor of 11 and 869.
11
What is the greatest common divisor of 364 and 17108?
364
What is the highest common divisor of 7 and 119966?
7
Calculate the highest common divisor of 4186 and 24311.
161
Calculate the greatest common divisor of 172 and 110252.
172
What is the greatest common factor of 175786 and 442?
26
Calculate the highest common divisor of 9686 and 406.
58
What is the highest common factor of 44 and 1758383?
11
What is the greatest common factor of 2090 and 42460?
110
Calculate the greatest